{"id":1406,"date":"2026-08-11T09:53:50","date_gmt":"2026-08-11T09:53:50","guid":{"rendered":"https:\/\/www.ccen.ufpb.br\/profqui\/?page_id=1406"},"modified":"2026-08-15T17:37:23","modified_gmt":"2026-08-15T17:37:23","slug":"editais-de-selecao","status":"publish","type":"page","link":"https:\/\/www.ccen.ufpb.br\/profqui\/processos-seletivos\/editais-de-selecao\/","title":{"rendered":"Editais de sele\u00e7\u00e3o"},"content":{"rendered":"<div id=\"pl-1406\"  class=\"panel-layout\" ><div id=\"pg-1406-0\"  class=\"panel-grid panel-no-style\" ><div id=\"pgc-1406-0-0\"  class=\"panel-grid-cell\" ><div id=\"panel-1406-0-0-0\" class=\"widget_text so-panel widget widget_custom_html panel-first-child panel-last-child\" data-index=\"0\" ><div class=\"textwidget custom-html-widget\"><style>\n  .profqui-editais {\n    --profqui-azul: #174a66;\n    --profqui-azul-hover: #2a7fff;\n    --profqui-turquesa: #00d4aa;\n    --profqui-ciano: #00ccff;\n    --profqui-fundo: #f2fafd;\n    --profqui-borda: #c8d5dc;\n    --profqui-texto: #17202a;\n    width: 100%;\n    color: var(--profqui-texto);\n    font-family: \"Helvetica Neue\", Helvetica, Arial, \"Lucida Grande\", sans-serif;\n    font-size: 18px;\n    line-height: 1.55;\n  }\n\n  .profqui-editais * {\n    box-sizing: border-box;\n  }\n\n  .profqui-editais__introducao {\n    max-width: 780px;\n    margin: 0 0 28px;\n  }\n\n  .profqui-editais__grade {\n    display: grid;\n    grid-template-columns: repeat(3, minmax(0, 1fr));\n    gap: 22px;\n  }\n\n  .profqui-edital {\n    position: relative;\n    display: flex;\n    min-height: 310px;\n    padding: 28px 24px 24px;\n    overflow: hidden;\n    flex-direction: column;\n    background: #ffffff;\n    border: 1px solid var(--profqui-borda);\n    border-radius: 14px;\n    box-shadow: 0 7px 22px rgba(23, 74, 102, 0.09);\n    transition: filter 230ms ease, opacity 230ms ease;\n  }\n\n  .profqui-edital::before {\n    content: \"\";\n    position: absolute;\n    top: 0;\n    right: 0;\n    left: 0;\n    height: 5px;\n    background: linear-gradient(\n      90deg,\n      var(--profqui-turquesa),\n      var(--profqui-azul-hover),\n      var(--profqui-ciano)\n    );\n  }\n\n  .profqui-edital--recente {\n    border: 2px solid var(--profqui-turquesa);\n    background: linear-gradient(180deg, #f3fffc 0, #ffffff 42%);\n  }\n\n  .profqui-edital__selo {\n    position: absolute;\n    top: 10px;\n    right: 18px;\n    padding: 5px 9px;\n    color: #075044;\n    background: #cffff5;\n    border-radius: 999px;\n    font-size: 11px;\n    font-weight: 800;\n    letter-spacing: 0.06em;\n    line-height: 1.2;\n    text-transform: uppercase;\n  }\n\n  .profqui-edital__cabecalho {\n    display: flex;\n    margin: 6px 0 22px;\n    padding-right: 0;\n    align-items: center;\n    gap: 13px;\n  }\n\n  .profqui-edital:not(.profqui-edital--recente) .profqui-edital__cabecalho {\n    padding-right: 0;\n  }\n\n  .profqui-edital__icone {\n    display: inline-grid;\n    width: 50px;\n    height: 50px;\n    flex: 0 0 50px;\n    place-items: center;\n    color: #ffffff;\n    background: var(--profqui-azul);\n    border-radius: 11px;\n    font-size: 12px;\n    font-weight: 800;\n    letter-spacing: 0.05em;\n  }\n\n  .profqui-edital__tipo {\n    display: block;\n    margin-bottom: 1px;\n    color: #56717f;\n    font-size: 12px;\n    font-weight: 800;\n    letter-spacing: 0.08em;\n    line-height: 1.3;\n    text-transform: uppercase;\n    white-space: nowrap;\n  }\n\n  .profqui-edital__ano {\n    display: block;\n    color: var(--profqui-azul);\n    font-size: 23px;\n    font-weight: 800;\n    line-height: 1.15;\n  }\n\n  .profqui-edital h3 {\n    margin: 0 0 10px;\n    color: #15384b;\n    font-family: \"Helvetica Neue\", Helvetica, Arial, \"Lucida Grande\", sans-serif;\n    font-size: 21px;\n    font-weight: 700;\n    line-height: 1.3;\n    text-transform: none;\n  }\n\n  .profqui-edital__turma {\n    margin: 0 0 22px;\n    color: #526570;\n    font-size: 16px;\n  }\n\n  .profqui-edital__link {\n    display: inline-flex;\n    min-height: 46px;\n    margin-top: auto;\n    padding: 11px 16px;\n    align-items: center;\n    justify-content: center;\n    gap: 9px;\n    color: #ffffff !important;\n    background: var(--profqui-azul);\n    border-radius: 9px;\n    font-size: 15px;\n    font-weight: 800;\n    line-height: 1.25;\n    text-align: center;\n    text-decoration: none !important;\n    transition: background-color 160ms ease;\n  }\n\n  .profqui-edital__link::after {\n    content: \"\u2197\";\n    font-size: 16px;\n    line-height: 1;\n  }\n\n  .profqui-edital__link:hover {\n    color: #ffffff !important;\n    background: var(--profqui-azul-hover);\n  }\n\n  .profqui-edital__link:focus-visible {\n    outline: 3px solid var(--profqui-turquesa);\n    outline-offset: 3px;\n  }\n\n  .profqui-editais__nota {\n    margin: 18px 0 0;\n    color: #526570;\n    font-size: 14px;\n  }\n\n  \/*\n   * Mant\u00e9m n\u00edtido o cart\u00e3o sob o ponteiro e deixa os demais foscos.\n   * O efeito \u00e9 restrito a dispositivos que possuem mouse ou touchpad.\n   *\/\n  @media (hover: hover) and (pointer: fine) {\n    .profqui-editais__grade:has(.profqui-edital:hover)\n      .profqui-edital:not(:hover):not(:focus-within) {\n      filter: blur(3px) saturate(0.48) brightness(0.92);\n      opacity: 0.5;\n    }\n  }\n\n  \/* Produz um destaque equivalente durante a navega\u00e7\u00e3o por teclado. *\/\n  .profqui-editais__grade:has(.profqui-edital:focus-within)\n    .profqui-edital:not(:focus-within):not(:hover) {\n    filter: blur(3px) saturate(0.48) brightness(0.92);\n    opacity: 0.5;\n  }\n\n  @media (max-width: 920px) {\n    .profqui-editais__grade {\n      grid-template-columns: repeat(2, minmax(0, 1fr));\n    }\n  }\n\n  @media (max-width: 620px) {\n    .profqui-editais {\n      font-size: 17px;\n    }\n\n    .profqui-editais__grade {\n      grid-template-columns: 1fr;\n    }\n\n    .profqui-edital {\n      min-height: 0;\n    }\n  }\n\n  @media (prefers-reduced-motion: reduce) {\n    .profqui-edital,\n    .profqui-edital__link {\n      transition: none;\n    }\n\n  }\n<\/style>\n\n<section class=\"profqui-editais\" aria-label=\"Editais do Exame Nacional de Acesso\">\n  <p class=\"profqui-editais__introducao\">\n    Consulte os editais do Exame Nacional de Acesso ao PROFQUI.\n  <\/p>\n\n  <div class=\"profqui-editais__grade\">\n    <article class=\"profqui-edital profqui-edital--recente\">\n      <span class=\"profqui-edital__selo\">Mais recente<\/span>\n\n      <div class=\"profqui-edital__cabecalho\">\n        <span class=\"profqui-edital__icone\" aria-hidden=\"true\">PDF<\/span>\n        <span>\n          <span class=\"profqui-edital__tipo\">Edital ENA<\/span>\n          <span class=\"profqui-edital__ano\">2025<\/span>\n        <\/span>\n      <\/div>\n\n      <h3>Exame Nacional de Acesso 2025<\/h3>\n      <p class=\"profqui-edital__turma\">Ingresso na turma 2026<\/p>\n\n      <a\n        class=\"profqui-edital__link\"\n        href=\"https:\/\/profqui.iq.ufrj.br\/SEI_5750940_Edital_751.pdf\"\n        target=\"_blank\"\n        rel=\"noopener noreferrer\"\n        aria-label=\"Abrir o Edital do Exame Nacional de Acesso 2025 em PDF\"\n      >\n        Abrir edital em PDF\n      <\/a>\n    <\/article>\n\n    <article class=\"profqui-edital\">\n      <div class=\"profqui-edital__cabecalho\">\n        <span class=\"profqui-edital__icone\" aria-hidden=\"true\">PDF<\/span>\n        <span>\n          <span class=\"profqui-edital__tipo\">Edital ENA<\/span>\n          <span class=\"profqui-edital__ano\">2024<\/span>\n        <\/span>\n      <\/div>\n\n      <h3>Exame Nacional de Acesso 2024<\/h3>\n      <p class=\"profqui-edital__turma\">Ingresso na turma 2025<\/p>\n\n      <a\n        class=\"profqui-edital__link\"\n        href=\"https:\/\/profqui.iq.ufrj.br\/wp-content\/uploads\/2024\/09\/SEI_4581957_Edital_697_Final.pdf\"\n        target=\"_blank\"\n        rel=\"noopener noreferrer\"\n        aria-label=\"Abrir o Edital do Exame Nacional de Acesso 2024 em PDF\"\n      >\n        Abrir edital em PDF\n      <\/a>\n    <\/article>\n\n    <article class=\"profqui-edital\">\n      <div class=\"profqui-edital__cabecalho\">\n        <span class=\"profqui-edital__icone\" aria-hidden=\"true\">PDF<\/span>\n        <span>\n          <span class=\"profqui-edital__tipo\">Edital ENA<\/span>\n          <span class=\"profqui-edital__ano\">2023<\/span>\n        <\/span>\n      <\/div>\n\n      <h3>Exame Nacional de Acesso 2023<\/h3>\n      <p class=\"profqui-edital__turma\">Ingresso na turma 2024<\/p>\n\n      <a\n        class=\"profqui-edital__link\"\n        href=\"https:\/\/profqui.iq.ufrj.br\/wp-content\/uploads\/2023\/08\/EDITAL-1036_24-agosto_2024.pdf\"\n        target=\"_blank\"\n        rel=\"noopener noreferrer\"\n        aria-label=\"Abrir o Edital do Exame Nacional de Acesso 2023 em PDF\"\n      >\n        Abrir edital em PDF\n      <\/a>\n    <\/article>\n  <\/div>\n\n  <!--\n  <p class=\"profqui-editais__nota\">\n    Os editais est\u00e3o em formato PDF e ser\u00e3o abertos em uma nova aba.\n  <\/p>\n  -->\n<\/section><\/div><\/div><\/div><\/div><\/div>","protected":false},"excerpt":{"rendered":"<p>Consulte os editais do Exame Nacional de Acesso ao PROFQUI. Mais recente PDF Edital ENA 2025 Exame Nacional de Acesso 2025 Ingresso na turma 2026 Abrir edital em PDF PDF Edital ENA 2024 Exame Nacional de Acesso 2024 Ingresso na turma 2025 Abrir edital em PDF PDF Edital ENA 2023 Exame Nacional de Acesso 2023 [&hellip;]<\/p>\n","protected":false},"author":62,"featured_media":0,"parent":134,"menu_order":0,"comment_status":"closed","ping_status":"closed","template":"templates\/template-full.php","meta":{"footnotes":""},"class_list":["post-1406","page","type-page","status-publish","hentry","post"],"_links":{"self":[{"href":"https:\/\/www.ccen.ufpb.br\/profqui\/wp-json\/wp\/v2\/pages\/1406","targetHints":{"allow":["GET"]}}],"collection":[{"href":"https:\/\/www.ccen.ufpb.br\/profqui\/wp-json\/wp\/v2\/pages"}],"about":[{"href":"https:\/\/www.ccen.ufpb.br\/profqui\/wp-json\/wp\/v2\/types\/page"}],"author":[{"embeddable":true,"href":"https:\/\/www.ccen.ufpb.br\/profqui\/wp-json\/wp\/v2\/users\/62"}],"replies":[{"embeddable":true,"href":"https:\/\/www.ccen.ufpb.br\/profqui\/wp-json\/wp\/v2\/comments?post=1406"}],"version-history":[{"count":11,"href":"https:\/\/www.ccen.ufpb.br\/profqui\/wp-json\/wp\/v2\/pages\/1406\/revisions"}],"predecessor-version":[{"id":1439,"href":"https:\/\/www.ccen.ufpb.br\/profqui\/wp-json\/wp\/v2\/pages\/1406\/revisions\/1439"}],"up":[{"embeddable":true,"href":"https:\/\/www.ccen.ufpb.br\/profqui\/wp-json\/wp\/v2\/pages\/134"}],"wp:attachment":[{"href":"https:\/\/www.ccen.ufpb.br\/profqui\/wp-json\/wp\/v2\/media?parent=1406"}],"curies":[{"name":"wp","href":"https:\/\/api.w.org\/{rel}","templated":true}]}}

Editais de seleção

<div id="pl-1406"  class="panel-layout" ><div id="pg-1406-0"  class="panel-grid panel-no-style" ><div id="pgc-1406-0-0"  class="panel-grid-cell" ><div id="panel-1406-0-0-0" class="widget_text so-panel widget widget_custom_html panel-first-child panel-last-child" data-index="0" ><div class="textwidget custom-html-widget"><style>
  .profqui-editais {
    --profqui-azul: #174a66;
    --profqui-azul-hover: #2a7fff;
    --profqui-turquesa: #00d4aa;
    --profqui-ciano: #00ccff;
    --profqui-fundo: #f2fafd;
    --profqui-borda: #c8d5dc;
    --profqui-texto: #17202a;
    width: 100%;
    color: var(--profqui-texto);
    font-family: "Helvetica Neue", Helvetica, Arial, "Lucida Grande", sans-serif;
    font-size: 18px;
    line-height: 1.55;
  }

  .profqui-editais * {
    box-sizing: border-box;
  }

  .profqui-editais__introducao {
    max-width: 780px;
    margin: 0 0 28px;
  }

  .profqui-editais__grade {
    display: grid;
    grid-template-columns: repeat(3, minmax(0, 1fr));
    gap: 22px;
  }

  .profqui-edital {
    position: relative;
    display: flex;
    min-height: 310px;
    padding: 28px 24px 24px;
    overflow: hidden;
    flex-direction: column;
    background: #ffffff;
    border: 1px solid var(--profqui-borda);
    border-radius: 14px;
    box-shadow: 0 7px 22px rgba(23, 74, 102, 0.09);
    transition: filter 230ms ease, opacity 230ms ease;
  }

  .profqui-edital::before {
    content: "";
    position: absolute;
    top: 0;
    right: 0;
    left: 0;
    height: 5px;
    background: linear-gradient(
      90deg,
      var(--profqui-turquesa),
      var(--profqui-azul-hover),
      var(--profqui-ciano)
    );
  }

  .profqui-edital--recente {
    border: 2px solid var(--profqui-turquesa);
    background: linear-gradient(180deg, #f3fffc 0, #ffffff 42%);
  }

  .profqui-edital__selo {
    position: absolute;
    top: 10px;
    right: 18px;
    padding: 5px 9px;
    color: #075044;
    background: #cffff5;
    border-radius: 999px;
    font-size: 11px;
    font-weight: 800;
    letter-spacing: 0.06em;
    line-height: 1.2;
    text-transform: uppercase;
  }

  .profqui-edital__cabecalho {
    display: flex;
    margin: 6px 0 22px;
    padding-right: 0;
    align-items: center;
    gap: 13px;
  }

  .profqui-edital:not(.profqui-edital--recente) .profqui-edital__cabecalho {
    padding-right: 0;
  }

  .profqui-edital__icone {
    display: inline-grid;
    width: 50px;
    height: 50px;
    flex: 0 0 50px;
    place-items: center;
    color: #ffffff;
    background: var(--profqui-azul);
    border-radius: 11px;
    font-size: 12px;
    font-weight: 800;
    letter-spacing: 0.05em;
  }

  .profqui-edital__tipo {
    display: block;
    margin-bottom: 1px;
    color: #56717f;
    font-size: 12px;
    font-weight: 800;
    letter-spacing: 0.08em;
    line-height: 1.3;
    text-transform: uppercase;
    white-space: nowrap;
  }

  .profqui-edital__ano {
    display: block;
    color: var(--profqui-azul);
    font-size: 23px;
    font-weight: 800;
    line-height: 1.15;
  }

  .profqui-edital h3 {
    margin: 0 0 10px;
    color: #15384b;
    font-family: "Helvetica Neue", Helvetica, Arial, "Lucida Grande", sans-serif;
    font-size: 21px;
    font-weight: 700;
    line-height: 1.3;
    text-transform: none;
  }

  .profqui-edital__turma {
    margin: 0 0 22px;
    color: #526570;
    font-size: 16px;
  }

  .profqui-edital__link {
    display: inline-flex;
    min-height: 46px;
    margin-top: auto;
    padding: 11px 16px;
    align-items: center;
    justify-content: center;
    gap: 9px;
    color: #ffffff !important;
    background: var(--profqui-azul);
    border-radius: 9px;
    font-size: 15px;
    font-weight: 800;
    line-height: 1.25;
    text-align: center;
    text-decoration: none !important;
    transition: background-color 160ms ease;
  }

  .profqui-edital__link::after {
    content: "↗";
    font-size: 16px;
    line-height: 1;
  }

  .profqui-edital__link:hover {
    color: #ffffff !important;
    background: var(--profqui-azul-hover);
  }

  .profqui-edital__link:focus-visible {
    outline: 3px solid var(--profqui-turquesa);
    outline-offset: 3px;
  }

  .profqui-editais__nota {
    margin: 18px 0 0;
    color: #526570;
    font-size: 14px;
  }

  /*
   * Mantém nítido o cartão sob o ponteiro e deixa os demais foscos.
   * O efeito é restrito a dispositivos que possuem mouse ou touchpad.
   */
  @media (hover: hover) and (pointer: fine) {
    .profqui-editais__grade:has(.profqui-edital:hover)
      .profqui-edital:not(:hover):not(:focus-within) {
      filter: blur(3px) saturate(0.48) brightness(0.92);
      opacity: 0.5;
    }
  }

  /* Produz um destaque equivalente durante a navegação por teclado. */
  .profqui-editais__grade:has(.profqui-edital:focus-within)
    .profqui-edital:not(:focus-within):not(:hover) {
    filter: blur(3px) saturate(0.48) brightness(0.92);
    opacity: 0.5;
  }

  @media (max-width: 920px) {
    .profqui-editais__grade {
      grid-template-columns: repeat(2, minmax(0, 1fr));
    }
  }

  @media (max-width: 620px) {
    .profqui-editais {
      font-size: 17px;
    }

    .profqui-editais__grade {
      grid-template-columns: 1fr;
    }

    .profqui-edital {
      min-height: 0;
    }
  }

  @media (prefers-reduced-motion: reduce) {
    .profqui-edital,
    .profqui-edital__link {
      transition: none;
    }

  }
</style>

<section class="profqui-editais" aria-label="Editais do Exame Nacional de Acesso">
  <p class="profqui-editais__introducao">
    Consulte os editais do Exame Nacional de Acesso ao PROFQUI.
  </p>

  <div class="profqui-editais__grade">
    <article class="profqui-edital profqui-edital--recente">
      <span class="profqui-edital__selo">Mais recente</span>

      <div class="profqui-edital__cabecalho">
        <span class="profqui-edital__icone" aria-hidden="true">PDF</span>
        <span>
          <span class="profqui-edital__tipo">Edital ENA</span>
          <span class="profqui-edital__ano">2025</span>
        </span>
      </div>

      <h3>Exame Nacional de Acesso 2025</h3>
      <p class="profqui-edital__turma">Ingresso na turma 2026</p>

      <a
        class="profqui-edital__link"
        href="https://profqui.iq.ufrj.br/SEI_5750940_Edital_751.pdf"
        target="_blank"
        rel="noopener noreferrer"
        aria-label="Abrir o Edital do Exame Nacional de Acesso 2025 em PDF"
      >
        Abrir edital em PDF
      </a>
    </article>

    <article class="profqui-edital">
      <div class="profqui-edital__cabecalho">
        <span class="profqui-edital__icone" aria-hidden="true">PDF</span>
        <span>
          <span class="profqui-edital__tipo">Edital ENA</span>
          <span class="profqui-edital__ano">2024</span>
        </span>
      </div>

      <h3>Exame Nacional de Acesso 2024</h3>
      <p class="profqui-edital__turma">Ingresso na turma 2025</p>

      <a
        class="profqui-edital__link"
        href="https://profqui.iq.ufrj.br/wp-content/uploads/2024/09/SEI_4581957_Edital_697_Final.pdf"
        target="_blank"
        rel="noopener noreferrer"
        aria-label="Abrir o Edital do Exame Nacional de Acesso 2024 em PDF"
      >
        Abrir edital em PDF
      </a>
    </article>

    <article class="profqui-edital">
      <div class="profqui-edital__cabecalho">
        <span class="profqui-edital__icone" aria-hidden="true">PDF</span>
        <span>
          <span class="profqui-edital__tipo">Edital ENA</span>
          <span class="profqui-edital__ano">2023</span>
        </span>
      </div>

      <h3>Exame Nacional de Acesso 2023</h3>
      <p class="profqui-edital__turma">Ingresso na turma 2024</p>

      <a
        class="profqui-edital__link"
        href="https://profqui.iq.ufrj.br/wp-content/uploads/2023/08/EDITAL-1036_24-agosto_2024.pdf"
        target="_blank"
        rel="noopener noreferrer"
        aria-label="Abrir o Edital do Exame Nacional de Acesso 2023 em PDF"
      >
        Abrir edital em PDF
      </a>
    </article>
  </div>

  <!--
  <p class="profqui-editais__nota">
    Os editais estão em formato PDF e serão abertos em uma nova aba.
  </p>
  -->
</section></div></div></div></div></div>
