{"id":126,"date":"2025-08-28T23:06:43","date_gmt":"2025-08-29T02:06:43","guid":{"rendered":"https:\/\/www.ccen.ufpb.br\/fisica\/?post_type=edital&#038;p=126"},"modified":"2025-10-29T14:27:57","modified_gmt":"2025-10-29T17:27:57","slug":"edital-interno-01-2025-selecao-de-estudantes-para-o-projeto-de-extensao-alem-do-laboratorio-um-caminho-para-a-extensao-dos-conhecimentos-sobre-a-luz","status":"publish","type":"edital","link":"https:\/\/www.ccen.ufpb.br\/fisica\/edital\/edital-interno-01-2025-selecao-de-estudantes-para-o-projeto-de-extensao-alem-do-laboratorio-um-caminho-para-a-extensao-dos-conhecimentos-sobre-a-luz\/","title":{"rendered":"EDITAL INTERNO 01\/2025 &#8211; SELE\u00c7\u00c3O DE ESTUDANTES PARA O PROJETO DE EXTENS\u00c3O \u201cAL\u00c9M DO LABORAT\u00d3RIO, UM CAMINHO PARA A EXTENS\u00c3O DOS CONHECIMENTOS SOBRE A LUZ\u201d"},"content":{"rendered":"\n<p>Publicado&nbsp;EDITAL INTERNO 01\/2025 &#8211; para sele\u00e7\u00e3o de estudantes no&nbsp;PROJETO DE EXTENS\u00c3O \u201c<strong>AL\u00c9M DO LABORAT\u00d3RIO, UM CAMINHO PARA A EXTENS\u00c3O DOS CONHECIMENTOS SOBRE A LUZ<\/strong>\u201d<\/p>\n\n\n\n<p>Para acessar o edital e<a href=\"https:\/\/www.uol.com.br\/\" data-type=\"link\" data-id=\"https:\/\/www.uol.com.br\/\"> <\/a>obter mais informa\u00e7\u00f5es, favor\u00a0<a href=\"http:\/\/plone.ufpb.br\/fisica\/contents\/documentos\/programas-academicos\/proex-fisica-ufpb\/2025\/edital_optica_2025.pdf\">CLICAR AQUI!<\/a><\/p>\n\n\n\n<p><\/p>\n","protected":false},"excerpt":{"rendered":"<p>Publicado&nbsp;EDITAL INTERNO 01\/2025 &#8211; para sele\u00e7\u00e3o de estudantes no&nbsp;PROJETO DE EXTENS\u00c3O \u201cAL\u00c9M DO LABORAT\u00d3RIO, UM [&hellip;]<\/p>\n","protected":false},"featured_media":339,"template":"","meta":{"footnotes":""},"edital_type":[3],"class_list":["post-126","edital","type-edital","status-publish","has-post-thumbnail","hentry","edital_type-projeto-de-extensao"],"_links":{"self":[{"href":"https:\/\/www.ccen.ufpb.br\/fisica\/wp-json\/wp\/v2\/edital\/126","targetHints":{"allow":["GET"]}}],"collection":[{"href":"https:\/\/www.ccen.ufpb.br\/fisica\/wp-json\/wp\/v2\/edital"}],"about":[{"href":"https:\/\/www.ccen.ufpb.br\/fisica\/wp-json\/wp\/v2\/types\/edital"}],"version-history":[{"count":3,"href":"https:\/\/www.ccen.ufpb.br\/fisica\/wp-json\/wp\/v2\/edital\/126\/revisions"}],"predecessor-version":[{"id":262,"href":"https:\/\/www.ccen.ufpb.br\/fisica\/wp-json\/wp\/v2\/edital\/126\/revisions\/262"}],"wp:featuredmedia":[{"embeddable":true,"href":"https:\/\/www.ccen.ufpb.br\/fisica\/wp-json\/wp\/v2\/media\/339"}],"wp:attachment":[{"href":"https:\/\/www.ccen.ufpb.br\/fisica\/wp-json\/wp\/v2\/media?parent=126"}],"wp:term":[{"taxonomy":"edital_type","embeddable":true,"href":"https:\/\/www.ccen.ufpb.br\/fisica\/wp-json\/wp\/v2\/edital_type?post=126"}],"curies":[{"name":"wp","href":"https:\/\/api.w.org\/{rel}","templated":true}]}}

EDITAL INTERNO 01/2025 &#8211; SELEÇÃO DE ESTUDANTES PARA O PROJETO DE EXTENSÃO “ALÉM DO LABORATÓRIO, UM CAMINHO PARA A EXTENSÃO DOS CONHECIMENTOS SOBRE A LUZ”

<p>Publicado&nbsp;EDITAL INTERNO 01/2025 &#8211; para seleção de estudantes no&nbsp;PROJETO DE EXTENSÃO “<strong>ALÉM DO LABORATÓRIO, UM CAMINHO PARA A EXTENSÃO DOS CONHECIMENTOS SOBRE A LUZ</strong>”</p>



<p>Para acessar o edital e<a href="https://www.uol.com.br/" data-type="link" data-id="https://www.uol.com.br/"> </a>obter mais informações, favor <a href="http://plone.ufpb.br/fisica/contents/documentos/programas-academicos/proex-fisica-ufpb/2025/edital_optica_2025.pdf">CLICAR AQUI!</a></p>



<p></p>

<p>Publicado&nbsp;EDITAL INTERNO 01/2025 &#8211; para seleção de estudantes no&nbsp;PROJETO DE EXTENSÃO “ALÉM DO LABORATÓRIO, UM [&hellip;]</p>
