{"id":37,"date":"2025-10-05T19:15:03","date_gmt":"2025-10-05T22:15:03","guid":{"rendered":"https:\/\/www.ccen.ufpb.br\/dbm\/?page_id=37"},"modified":"2026-02-23T16:25:11","modified_gmt":"2026-02-23T19:25:11","slug":"laboratorios","status":"publish","type":"page","link":"https:\/\/www.ccen.ufpb.br\/dbm\/laboratorios\/","title":{"rendered":"Laborat\u00f3rios"},"content":{"rendered":"\n<p><\/p>\n\n\n\n<p class=\"has-text-align-center has-black-color has-very-light-gray-to-cyan-bluish-gray-gradient-background has-text-color has-background has-link-color has-medium-font-size wp-elements-9e57b9a20b1a6aece2edb51172b5dc2a\"><strong>Laborat\u00f3rio Did\u00e1tico de Gen\u00e9tica (LDG)<\/strong><\/p>\n\n\n\n<p><strong>Equipe:<\/strong><\/p>\n\n\n\n<ul class=\"wp-block-list\">\n<li>Prof. Dr. Eleonidas Moura Lima (Coordenador).<\/li>\n<\/ul>\n\n\n\n<p><\/p>\n\n\n\n<p class=\"has-text-align-center has-black-color has-very-light-gray-to-cyan-bluish-gray-gradient-background has-text-color has-background has-link-color has-medium-font-size wp-elements-e2b1bcd131991dd1d0390afac70cb8d9\"><strong>Laborat\u00f3rio Did\u00e1tico de Biologia Celular (LDBC)<\/strong><\/p>\n\n\n\n<p><strong>Equipe:<\/strong><\/p>\n\n\n\n<ul class=\"wp-block-list\">\n<li>Profa. Dra. Krystyna Gorlach Lira (Coordenadora);<\/li>\n\n\n\n<li>Profa. Dra. Glaucia Marques Freitas Ribeiro (Coordenadora);<\/li>\n\n\n\n<li>Maria do Socorro Soares Noronha Dantas (T\u00e9cnico\/Especialista);<\/li>\n\n\n\n<li>Dr. Normando Alexandre da Silva Costa (T\u00e9cnico\/Especialista).<\/li>\n<\/ul>\n\n\n\n<p><\/p>\n\n\n\n<p class=\"has-pale-cyan-blue-color has-text-color has-link-color has-medium-font-size wp-elements-06adbcbf16ab412ff674b6110220e61d\"><\/p>\n\n\n\n<p class=\"has-text-align-center has-black-color has-very-light-gray-to-cyan-bluish-gray-gradient-background has-text-color has-background has-link-color has-medium-font-size wp-elements-781ba6809abe582fb79edabbb496d29c\"><strong>Laborat\u00f3rio Did\u00e1tico de Bioqu\u00edmica (LDB)<\/strong><\/p>\n\n\n\n<p><strong>Equipe:<\/strong><\/p>\n\n\n\n<ul class=\"wp-block-list\">\n<li>Prof. Dr. Carlos Alberto de Almeida Gadelha (Coordenador)<\/li>\n\n\n\n<li>Ma. Luciv\u00e2nia Assis de Oliveira Navarro (T\u00e9cnico\/Especialista).<\/li>\n<\/ul>\n\n\n\n<p><\/p>\n\n\n\n<p class=\"has-text-align-center has-black-color has-very-light-gray-to-cyan-bluish-gray-gradient-background has-text-color has-background has-link-color has-medium-font-size wp-elements-9d478152b545fccc54b39b6e9f677b80\"><strong>Laborat\u00f3rio Did\u00e1tico de Biof\u00edsica (LDBf)<\/strong><\/p>\n\n\n\n<p><strong>Equipe:<\/strong><\/p>\n\n\n\n<ul class=\"wp-block-list\">\n<li>Profa. Dra. Daniela Priscila Marchi Salvador (Coordenadora).<\/li>\n<\/ul>\n\n\n\n<p><\/p>\n\n\n\n<p class=\"has-text-align-center has-black-color has-very-light-gray-to-cyan-bluish-gray-gradient-background has-text-color has-background has-link-color has-medium-font-size wp-elements-eee99fc3760657812386608fb41f3b74\"><strong>Laborat\u00f3rio Multiusu\u00e1rio do DBM (LMDBM) (Inclui a Sala de Experimenta\u00e7\u00e3o Animal e Processamento de Amostras)<\/strong><\/p>\n\n\n\n<p><strong>Equipe:<\/strong><\/p>\n\n\n\n<ul class=\"wp-block-list\">\n<li>Profa. Dra. Patr\u00edcia Mirella da Silva Scardua (Coordenadora);<\/li>\n\n\n\n<li>Prof. Dr. Augusto Cesar Vasconcelos (Coordenador);<\/li>\n\n\n\n<li> Profa. Dra. Micheline de Azevedo Lima (Coordenadora);<\/li>\n\n\n\n<li> Profa. Dra. Glaucia Verissimo Faheina Martins (Coordenadora).<\/li>\n<\/ul>\n\n\n\n<p class=\"has-text-align-center has-black-color has-very-light-gray-to-cyan-bluish-gray-gradient-background has-text-color has-background has-link-color has-medium-font-size wp-elements-c9b0320e9b2063d43e27e5054cd93650\"><strong>Laborat\u00f3rio de V\u00eddeos Simula\u00e7\u00f5es Biol\u00f3gicas (LAVISB)<\/strong><\/p>\n\n\n\n<p><strong>Equipe:<\/strong><\/p>\n\n\n\n<ul class=\"wp-block-list\">\n<li>Prof. Dr. Jos\u00e9 Antonio Novaes da Silva (Coordenador)<\/li>\n<\/ul>\n\n\n\n<p><\/p>\n\n\n\n<p class=\"has-medium-font-size\"><\/p>\n\n\n\n<p class=\"has-text-align-center has-black-color has-very-light-gray-to-cyan-bluish-gray-gradient-background has-text-color has-background has-link-color has-medium-font-size wp-elements-165c31581ce9348bb976d54fd46e7fb4\"><strong>Laborat\u00f3rio de Prote\u00f4mica Estrutural (LAPROTE)&nbsp;<\/strong><\/p>\n\n\n\n<p><strong>Equipe:<\/strong><\/p>\n\n\n\n<ul class=\"wp-block-list\">\n<li>Prof. Dr. Carlos Alberto de Almeida Gadelha (Coordenador) Ramal: 7645.<\/li>\n<\/ul>\n\n\n\n<p class=\"has-medium-font-size\"><\/p>\n\n\n\n<p class=\"has-text-align-center has-black-color has-very-light-gray-to-cyan-bluish-gray-gradient-background has-text-color has-background has-link-color has-medium-font-size wp-elements-d7fad02f1a3908953531fc005bc1d7fd\"><strong>Laborat\u00f3rio de Toxicologia e Gen\u00e9tica do C\u00e2ncer (TOXGEN)<\/strong><\/p>\n\n\n\n<p><strong>Equipe:<\/strong><\/p>\n\n\n\n<ul class=\"wp-block-list\">\n<li>Profa. Dra. Naila Francis Paula de Oliveira (Coordenadora);<\/li>\n\n\n\n<li>Profa. Dra. Glaucia Verissimo Faheina Martins (Coordenadora);<\/li>\n\n\n\n<li>V\u00e2nia Vieira Reis (T\u00e9cnico\/Especialista).<\/li>\n<\/ul>\n\n\n\n<p><\/p>\n\n\n\n<p class=\"has-medium-font-size\"><\/p>\n\n\n\n<p class=\"has-text-align-center has-black-color has-very-light-gray-to-cyan-bluish-gray-gradient-background has-text-color has-background has-link-color has-medium-font-size wp-elements-5886c37ea1b527fcf850b19f896c0d35\"><strong>Laborat\u00f3rio de Imunologia e Patologia de Invertebrados Marinhos (LABIPI)<\/strong><\/p>\n\n\n\n<p><strong>Equipe:<\/strong><\/p>\n\n\n\n<ul class=\"wp-block-list\">\n<li>Profa. Dra. Patr\u00edcia Mirella da Silva Scardua (Coordenaodra) (Ramal: 7643);<\/li>\n<\/ul>\n\n\n\n<p><\/p>\n\n\n\n<p class=\"has-medium-font-size\"><\/p>\n\n\n\n<p class=\"has-text-align-center has-black-color has-very-light-gray-to-cyan-bluish-gray-gradient-background has-text-color has-background has-link-color has-medium-font-size wp-elements-1fc9b6a46c166870fbe023680fe9232c\"><strong>Laborat\u00f3rio de Gen\u00e9tica Molecular Humana (LGMH)<\/strong><\/p>\n\n\n\n<p><strong>Equipe:<\/strong><\/p>\n\n\n\n<ul class=\"wp-block-list\">\n<li>Profa. Dra. Naila Francis Paula de Oliveira (Coordenadora) (Ramal: 7643).<\/li>\n<\/ul>\n\n\n\n<p><\/p>\n\n\n\n<p class=\"has-medium-font-size\"><\/p>\n\n\n\n<p class=\"has-text-align-center has-black-color has-very-light-gray-to-cyan-bluish-gray-gradient-background has-text-color has-background has-link-color has-medium-font-size wp-elements-df8e580545ef96407f7542dca45a559b\"><strong>Laborat\u00f3rio de Gen\u00e9tica Evolutiva Paulo Leminski<\/strong><\/p>\n\n\n\n<p><strong>Equipe:<\/strong><\/p>\n\n\n\n<ul class=\"wp-block-list\">\n<li>Prof. Dr. S\u00e1vio Torres de Farias (Coordenador) (Ramal: 7632).<\/li>\n<\/ul>\n\n\n\n<p><\/p>\n\n\n\n<p class=\"has-medium-font-size\"><\/p>\n\n\n\n<p class=\"has-text-align-center has-black-color has-very-light-gray-to-cyan-bluish-gray-gradient-background has-text-color has-background has-link-color has-medium-font-size wp-elements-1f43e46631725b24e284b961aa05a776\"><strong>Laborat\u00f3rio de Gen\u00e9tica de Microorganismos I (LGM I)<\/strong><\/p>\n\n\n\n<p><strong>Equipe:<\/strong><\/p>\n\n\n\n<ul class=\"wp-block-list\">\n<li>Profa. Dra. Angela Camila Orbem Menegatti (Coordenadora);<\/li>\n\n\n\n<li>Antonio Bosco Carlos (T\u00e9cnico\/Especialista).<\/li>\n<\/ul>\n\n\n\n<p><\/p>\n\n\n\n<p class=\"has-medium-font-size\"><\/p>\n\n\n\n<p class=\"has-text-align-center has-black-color has-very-light-gray-to-cyan-bluish-gray-gradient-background has-text-color has-background has-link-color has-medium-font-size wp-elements-1dc1f57bcdca8c830b8a11d6457f562b\"><strong>Laborat\u00f3rio de Gen\u00e9tica de Microorganismos II (LGM II)<\/strong><\/p>\n\n\n\n<p><strong>Equipe:<\/strong><\/p>\n\n\n\n<ul class=\"wp-block-list\">\n<li>Profa. Dra. Angela Camila Orbem Menegatti (Coordenadora);<\/li>\n\n\n\n<li>Prof. Dr. Davi Felipe Farias (Coordenador);<\/li>\n\n\n\n<li>Antonio Bosco Carlos (T\u00e9cnico\/Especialista).<\/li>\n<\/ul>\n\n\n\n<p><\/p>\n\n\n\n<p class=\"has-medium-font-size\"><\/p>\n\n\n\n<p class=\"has-text-align-center has-black-color has-very-light-gray-to-cyan-bluish-gray-gradient-background has-text-color has-background has-link-color has-medium-font-size wp-elements-bb5ff469ca29db0fdae5105be5efd2bb\"><strong>Laborat\u00f3rio de Farmacologia e Bioqu\u00edmica Experimental (LAFABE)<\/strong><\/p>\n\n\n\n<p><strong>Equipe:<\/strong><\/p>\n\n\n\n<ul class=\"wp-block-list\">\n<li>Prof. Dr. C\u00edcero Francisco Bezerra de Felipe (Coordenador);<\/li>\n\n\n\n<li>Prof. Dr. Clayton Zambeli Oliveira (Coordenador);<\/li>\n\n\n\n<li>Prof. Dr.  Fladmir de Sousa Claudino (Coordenador);<\/li>\n<\/ul>\n\n\n\n<p><\/p>\n\n\n\n<p class=\"has-medium-font-size\"><\/p>\n\n\n\n<p class=\"has-text-align-center has-black-color has-very-light-gray-to-cyan-bluish-gray-gradient-background has-text-color has-background has-link-color has-medium-font-size wp-elements-20782d1ba59a50964009b56dda5a4590\"><strong>Laborat\u00f3rio de Avalia\u00e7\u00e3o de Risco de Novas Tecnologias (LabRisco)<\/strong><\/p>\n\n\n\n<p><strong>Equipe:<\/strong><\/p>\n\n\n\n<ul class=\"wp-block-list\">\n<li>Prof. Dr. Davi Felipe Farias (Coordenador);<\/li>\n\n\n\n<li> Ma. Juliana Alves da Costa Ribeiro Souza (T\u00e9cnico\/Especialista).<\/li>\n<\/ul>\n\n\n\n<p><\/p>\n\n\n\n<p class=\"has-medium-font-size\"><\/p>\n\n\n\n<p class=\"has-text-align-center has-black-color has-very-light-gray-to-cyan-bluish-gray-gradient-background has-text-color has-background has-link-color has-medium-font-size wp-elements-a15d9ab40a9ca22fc410631df3972e9b\"><strong>Laborat\u00f3rio de Estudos Moleculares Aplicados \u00e0 Cl\u00ednica (LEMAC)&nbsp;<\/strong><\/p>\n\n\n\n<p><strong>Equipe:<\/strong><\/p>\n\n\n\n<ul class=\"wp-block-list\">\n<li>Profa. Dra. Darlene Camati Persunh (Coordenadora) (Ramal: 7642).<\/li>\n<\/ul>\n\n\n\n<p><\/p>\n\n\n\n<p class=\"has-medium-font-size\"><\/p>\n\n\n\n<p class=\"has-text-align-center has-black-color has-very-light-gray-to-cyan-bluish-gray-gradient-background has-text-color has-background has-link-color has-medium-font-size wp-elements-92f394de977a82f3199d657fd380ff61\"><strong>Laborat\u00f3rio de Cristalografia de Prote\u00edna T\u00f3xicas (CPrTox-Lab)<\/strong><\/p>\n\n\n\n<ul class=\"wp-block-list\">\n<li>Profa. Dra. Daniela Priscila Marchi Salvador (Coordenadora) (Ramal: 7637);<\/li>\n<\/ul>\n\n\n\n<p><\/p>\n\n\n\n<p class=\"has-medium-font-size\"><\/p>\n\n\n\n<p class=\"has-text-align-center has-black-color has-very-light-gray-to-cyan-bluish-gray-gradient-background has-text-color has-background has-link-color has-medium-font-size wp-elements-fe9990efaa3a40966b7ebd4bdf6420d1\"><strong>Laborat\u00f3rio de Qu\u00edmica de Prote\u00ednas e Pept\u00eddeos (LQPP)<\/strong><\/p>\n\n\n\n<p><strong>Equipe:<\/strong><\/p>\n\n\n\n<ul class=\"wp-block-list\">\n<li>Profa. Dra.Tatiane Santi Gadelha (Coordenadora);<\/li>\n\n\n\n<li>Dra. Maria Isabel Ferreira Campos (T\u00e9cnico\/Especialista).<\/li>\n<\/ul>\n\n\n\n<p><strong><strong>Arquivos\/Documentos:<\/strong><\/strong><\/p>\n\n\n\n<ul class=\"wp-block-list\">\n<li><a href=\"https:\/\/www.ccen.ufpb.br\/dbm\/wp-content\/uploads\/sites\/115\/sites\/412\/2026\/02\/Banner-Apresentacao-LQPP_.pdf\" data-type=\"attachment\" data-id=\"402\" target=\"_blank\" rel=\"noreferrer noopener\">Banner: Apresenta\u00e7\u00e3o do LQPP<\/a>;<\/li>\n<\/ul>\n\n\n\n<p class=\"has-medium-font-size\"><\/p>\n\n\n\n<p class=\"has-text-align-center has-very-light-gray-to-cyan-bluish-gray-gradient-background has-background has-medium-font-size\"><strong>Laborat\u00f3rio de Biologia Molecular Estrutural e Oncogen\u00e9tica (LBMEO)<\/strong><\/p>\n\n\n\n<ul class=\"wp-block-list\">\n<li>Prof. Dr. Eleonidas Moura Lima (Coordenador);<\/li>\n\n\n\n<li>Dr. Jo\u00e3o Ricardo Gon\u00e7alves de Oliveira (T\u00e9cnico\/Especialista).<\/li>\n<\/ul>\n\n\n\n<p><\/p>\n\n\n\n<p class=\"has-medium-font-size\"><\/p>\n\n\n\n<p class=\"has-text-align-center has-black-color has-very-light-gray-to-cyan-bluish-gray-gradient-background has-text-color has-background has-link-color has-medium-font-size wp-elements-bd589be8a4b0cd1f3d5f8be88debac03\"><strong>Laborat\u00f3rio de Biologia Molecular de Plantas (LBMP)<\/strong><\/p>\n\n\n\n<p><strong>Equipe:<\/strong><\/p>\n\n\n\n<p>Prof. Dr. R\u00f4mulo Marino Llamoca Z\u00e1rate (Coordenador) (Ramal:7636).<\/p>\n\n\n\n<p><\/p>\n\n\n\n<p class=\"has-text-align-center has-black-color has-very-light-gray-to-cyan-bluish-gray-gradient-background has-text-color has-background has-link-color has-medium-font-size wp-elements-d3e94af0cad8633741a325c50fd3c7b5\"><strong>Laborat\u00f3rio de Biologia Celular e do Desenvolvimento (LABID)<\/strong><\/p>\n\n\n\n<p><strong>Apresenta\u00e7\u00e3o:<\/strong><\/p>\n\n\n\n<p>O <strong>LABID<\/strong> desenvolve pesquisas sobre os impactos antr\u00f3picos em organismos aqu\u00e1ticos, com destaque para equinoides tropicais (ouri\u00e7os-do-mar e bolachas-da-praia). O laborat\u00f3rio concentra seus estudos na investiga\u00e7\u00e3o dos efeitos de contaminantes emergentes \u2014 como part\u00edculas pl\u00e1sticas, agrot\u00f3xicos e outros poluentes \u2014 e das mudan\u00e7as clim\u00e1ticas sobre o processo reprodutivo, o desenvolvimento embrion\u00e1rio e larval, e o sistema imunol\u00f3gico de invertebrados aqu\u00e1ticos.<\/p>\n\n\n\n<p><\/p>\n\n\n\n<p class=\"has-text-align-left\"><strong>Equipe:<\/strong><\/p>\n\n\n\n<ul class=\"wp-block-list\">\n<li>Prof. Dr. Luis Fernando Marques dos Santos (Coordenador).<\/li>\n\n\n\n<li>Antonio Bosco Carlos (T\u00e9cnico\/Especialista).<\/li>\n<\/ul>\n\n\n\n<p><\/p>\n\n\n\n<p><strong>Arquivos\/Documentos:<\/strong><\/p>\n\n\n\n<ul class=\"wp-block-list\">\n<li><a href=\"https:\/\/www.ccen.ufpb.br\/dbm\/wp-content\/uploads\/sites\/115\/sites\/412\/2025\/11\/Conhecendo-o-LABID.jpg\" data-type=\"attachment\" data-id=\"313\" target=\"_blank\" rel=\"noreferrer noopener\">Conhecendo o LABID<\/a>.<\/li>\n<\/ul>\n\n\n\n<p class=\"has-text-align-left\"><\/p>\n\n\n\n<p><strong>M\u00eddias:<\/strong><\/p>\n\n\n\n<ul class=\"wp-block-list\">\n<li><a href=\"http:\/\/www.dbm.ufpb.br\/labid\/\" target=\"_blank\" rel=\"noreferrer noopener\">http:\/\/www.dbm.ufpb.br\/labid\/<\/a> (Site)<\/li>\n\n\n\n<li><a href=\"https:\/\/www.instagram.com\/labid.ufpb\/\" target=\"_blank\" rel=\"noreferrer noopener\">@labid. ufpb<\/a> (Instagram)<\/li>\n<\/ul>\n\n\n\n<p class=\"has-text-align-center has-black-color has-very-light-gray-to-cyan-bluish-gray-gradient-background has-text-color has-background has-link-color has-medium-font-size wp-elements-6314789c89df5a14333085dc8577ebad\"><strong>Laborat\u00f3rio de Biologia de Microrganismos (BIOMICRO)<\/strong><\/p>\n\n\n\n<p><strong>Equipe:<\/strong><\/p>\n\n\n\n<ul class=\"wp-block-list\">\n<li>Profa. Dra. Krystyna Gorlach Lira (Coordenadora);<\/li>\n\n\n\n<li>Alda Paulino dos Santos Tavares (T\u00e9cnico\/Especialista).<\/li>\n<\/ul>\n\n\n\n<p><\/p>\n\n\n\n<p class=\"has-medium-font-size\"><\/p>\n\n\n\n<p class=\"has-text-align-center has-black-color has-very-light-gray-to-cyan-bluish-gray-gradient-background has-text-color has-background has-link-color has-medium-font-size wp-elements-8c1ef9b02a999eda4a8343b80dcdd261\"><strong>Laborat\u00f3rio de Biomol\u00e9culas de Organismos aqu\u00e1ticos (BiOAQUA)<\/strong><\/p>\n\n\n\n<p><strong>Equipe:<\/strong><\/p>\n\n\n\n<ul class=\"wp-block-list\">\n<li>Prof. Dr. Augusto C\u00e9zar Vasconcelos de Freitas J\u00fanior (Coordenador).<\/li>\n<\/ul>\n\n\n\n<p><\/p>\n\n\n\n<p class=\"has-medium-font-size\"><\/p>\n\n\n\n<p class=\"has-text-align-center has-black-color has-very-light-gray-to-cyan-bluish-gray-gradient-background has-text-color has-background has-link-color has-medium-font-size wp-elements-01982ac1898bf9f1db7083430bdde37c\"><strong>Unidade de Produ\u00e7\u00e3o de Organismos Modelo N\u00e3o Convencionais (UniPOM)<\/strong><\/p>\n\n\n\n<p><strong>Equipe:<\/strong><\/p>\n\n\n\n<ul class=\"wp-block-list\">\n<li>Prof. Dr. Davi Felipe Farias (Coordenador);<\/li>\n\n\n\n<li>Prof. Ian Porto Gurgel do Amaral (DBCM\/CBIOTEC) (Coordenador).<\/li>\n<\/ul>\n\n\n\n<p><\/p>\n","protected":false},"excerpt":{"rendered":"<p>Laborat\u00f3rio Did\u00e1tico de Gen\u00e9tica (LDG) Equipe: Laborat\u00f3rio Did\u00e1tico de Biologia Celular (LDBC) Equipe: Laborat\u00f3rio Did\u00e1tico [&hellip;]<\/p>\n","protected":false},"author":47,"featured_media":0,"parent":0,"menu_order":0,"comment_status":"closed","ping_status":"closed","template":"","meta":{"footnotes":""},"class_list":["post-37","page","type-page","status-publish","hentry"],"_links":{"self":[{"href":"https:\/\/www.ccen.ufpb.br\/dbm\/wp-json\/wp\/v2\/pages\/37","targetHints":{"allow":["GET"]}}],"collection":[{"href":"https:\/\/www.ccen.ufpb.br\/dbm\/wp-json\/wp\/v2\/pages"}],"about":[{"href":"https:\/\/www.ccen.ufpb.br\/dbm\/wp-json\/wp\/v2\/types\/page"}],"author":[{"embeddable":true,"href":"https:\/\/www.ccen.ufpb.br\/dbm\/wp-json\/wp\/v2\/users\/47"}],"replies":[{"embeddable":true,"href":"https:\/\/www.ccen.ufpb.br\/dbm\/wp-json\/wp\/v2\/comments?post=37"}],"version-history":[{"count":38,"href":"https:\/\/www.ccen.ufpb.br\/dbm\/wp-json\/wp\/v2\/pages\/37\/revisions"}],"predecessor-version":[{"id":403,"href":"https:\/\/www.ccen.ufpb.br\/dbm\/wp-json\/wp\/v2\/pages\/37\/revisions\/403"}],"wp:attachment":[{"href":"https:\/\/www.ccen.ufpb.br\/dbm\/wp-json\/wp\/v2\/media?parent=37"}],"curies":[{"name":"wp","href":"https:\/\/api.w.org\/{rel}","templated":true}]}}