{"id":58,"date":"2026-04-20T10:53:10","date_gmt":"2026-04-20T13:53:10","guid":{"rendered":"https:\/\/www.ccen.ufpb.br\/bsccen\/?page_id=58"},"modified":"2026-04-24T09:21:27","modified_gmt":"2026-04-24T12:21:27","slug":"teses-e-dissertacoes-pos-graduacao","status":"publish","type":"page","link":"https:\/\/www.ccen.ufpb.br\/bsccen\/teses-e-dissertacoes-pos-graduacao\/","title":{"rendered":"P\u00f3s-Gradua\u00e7\u00e3o: TESES e DISSERTA\u00c7\u00d5ES"},"content":{"rendered":"\n<details class=\"wp-block-details is-layout-flow wp-block-details-is-layout-flow\"><summary><a href=\"https:\/\/repositorio.ufpb.br\/jspui\/handle\/tede\/4327\" target=\"_blank\" rel=\"noreferrer noopener\">Mestrado Profissional em Matem\u00e1tica<\/a><\/summary>\n<p>PROFMAT<\/p>\n<\/details>\n\n\n\n<details class=\"wp-block-details is-layout-flow wp-block-details-is-layout-flow\"><summary><a style=\"font-weight: 400;white-space: normal\" href=\"https:\/\/repositorio.ufpb.br\/jspui\/handle\/tede\/9772\" target=\"_blank\" rel=\"noreferrer noopener\"><\/a><a href=\"https:\/\/repositorio.ufpb.br\/jspui\/handle\/tede\/9772\" target=\"_blank\" rel=\"noreferrer noopener\">Programa Associado de P\u00f3s Gradua\u00e7\u00e3o em Matem\u00e1tica<\/a><\/summary>\n<p>PAPGM<\/p>\n<\/details>\n\n\n\n<details class=\"wp-block-details is-layout-flow wp-block-details-is-layout-flow\"><summary><a href=\"https:\/\/repositorio.ufpb.br\/jspui\/handle\/tede\/6873\" target=\"_blank\" rel=\"noreferrer noopener\">Programa de P\u00f3s-Gradua\u00e7\u00e3o em Matem\u00e1tica<\/a><\/summary>\n<p>PPGMAT<\/p>\n<\/details>\n\n\n\n<details class=\"wp-block-details is-layout-flow wp-block-details-is-layout-flow\"><summary><a href=\"https:\/\/repositorio.ufpb.br\/jspui\/handle\/tede\/1693\" target=\"_blank\" rel=\"noreferrer noopener\">Programa de P\u00f3s-Gradua\u00e7\u00e3o em Biologia Celular e Molecular<\/a><\/summary>\n<p>PPGBCM<\/p>\n<\/details>\n\n\n\n<details class=\"wp-block-details is-layout-flow wp-block-details-is-layout-flow\"><summary><a href=\"https:\/\/repositorio.ufpb.br\/jspui\/handle\/tede\/4098\" target=\"_blank\" rel=\"noreferrer noopener\">Programa de P\u00f3s-Gradua\u00e7\u00e3o em Ci\u00eancias Biol\u00f3gicas<\/a><\/summary>\n<p>PPGCB<\/p>\n<\/details>\n\n\n\n<details class=\"wp-block-details is-layout-flow wp-block-details-is-layout-flow\"><summary><a href=\"https:\/\/repositorio.ufpb.br\/jspui\/handle\/tede\/4452\" target=\"_blank\" rel=\"noreferrer noopener\">Programa de P\u00f3s-Gradua\u00e7\u00e3o em Desenvolvimento e Meio Ambiente<\/a><\/summary>\n<p>PRODEMA<\/p>\n<\/details>\n\n\n\n<details class=\"wp-block-details is-layout-flow wp-block-details-is-layout-flow\"><summary><a href=\"https:\/\/repositorio.ufpb.br\/jspui\/handle\/tede\/5435\" target=\"_blank\" rel=\"noreferrer noopener\">Programa de P\u00f3s-Gradua\u00e7\u00e3o em F\u00edsica<\/a><\/summary>\n<p>PPGF<\/p>\n<\/details>\n\n\n\n<details class=\"wp-block-details is-layout-flow wp-block-details-is-layout-flow\"><summary><a href=\"https:\/\/repositorio.ufpb.br\/jspui\/handle\/tede\/5436\" target=\"_blank\" rel=\"noreferrer noopener\">Programa de P\u00f3s-Gradua\u00e7\u00e3o em Geografia<\/a><\/summary>\n<p>PPGG<\/p>\n<\/details>\n\n\n\n<details class=\"wp-block-details is-layout-flow wp-block-details-is-layout-flow\"><summary><a href=\"https:\/\/repositorio.ufpb.br\/jspui\/handle\/tede\/7029\" target=\"_blank\" rel=\"noreferrer noopener\">Programa de P\u00f3s-Gradua\u00e7\u00e3o em Qu\u00edmica<\/a>&nbsp;<\/summary>\n<p>PPGQ<\/p>\n<\/details>\n\n\n\n<details class=\"wp-block-details is-layout-flow wp-block-details-is-layout-flow\"><summary><a href=\"https:\/\/repositorio.ufpb.br\/jspui\/handle\/tede\/5442\" target=\"_blank\" rel=\"noreferrer noopener\">Programa de P\u00f3s-Gradua\u00e7\u00e3o em Modelos de Decis\u00e3o e Sa\u00fade<\/a><\/summary>\n<p>PPGMDS<\/p>\n<\/details>\n\n\n\n<p><\/p>\n\n\n\n<p><\/p>\n","protected":false},"excerpt":{"rendered":"","protected":false},"author":47,"featured_media":0,"parent":0,"menu_order":0,"comment_status":"closed","ping_status":"closed","template":"","meta":{"footnotes":""},"class_list":["post-58","page","type-page","status-publish","hentry"],"_links":{"self":[{"href":"https:\/\/www.ccen.ufpb.br\/bsccen\/wp-json\/wp\/v2\/pages\/58","targetHints":{"allow":["GET"]}}],"collection":[{"href":"https:\/\/www.ccen.ufpb.br\/bsccen\/wp-json\/wp\/v2\/pages"}],"about":[{"href":"https:\/\/www.ccen.ufpb.br\/bsccen\/wp-json\/wp\/v2\/types\/page"}],"author":[{"embeddable":true,"href":"https:\/\/www.ccen.ufpb.br\/bsccen\/wp-json\/wp\/v2\/users\/47"}],"replies":[{"embeddable":true,"href":"https:\/\/www.ccen.ufpb.br\/bsccen\/wp-json\/wp\/v2\/comments?post=58"}],"version-history":[{"count":9,"href":"https:\/\/www.ccen.ufpb.br\/bsccen\/wp-json\/wp\/v2\/pages\/58\/revisions"}],"predecessor-version":[{"id":174,"href":"https:\/\/www.ccen.ufpb.br\/bsccen\/wp-json\/wp\/v2\/pages\/58\/revisions\/174"}],"wp:attachment":[{"href":"https:\/\/www.ccen.ufpb.br\/bsccen\/wp-json\/wp\/v2\/media?parent=58"}],"curies":[{"name":"wp","href":"https:\/\/api.w.org\/{rel}","templated":true}]}}