{"id":18,"date":"2026-04-20T10:06:41","date_gmt":"2026-04-20T13:06:41","guid":{"rendered":"https:\/\/www.ccen.ufpb.br\/bsccen\/?page_id=18"},"modified":"2026-04-25T18:52:22","modified_gmt":"2026-04-25T21:52:22","slug":"pesquisa-integrada","status":"publish","type":"page","link":"https:\/\/www.ccen.ufpb.br\/bsccen\/pesquisa-integrada\/","title":{"rendered":"Pesquisa Integrada"},"content":{"rendered":"\n<p><a href=\"https:\/\/widgets.ebscohost.com\/prod\/customerspecific\/ns016829\/searchbox\/\">Busque em todas as bibliotecas da UFPB (acervo f\u00edsico), nas bases de dados e nos portais de pesquisa (acervo digital) oferecidos pela UFPB \u00e0 comunidade acad\u00eamica.<\/a><\/p>\n\n\n\n<p><\/p>\n\n\n\n<h2 class=\"wp-block-heading\"><div class=\"linha-header\">Tutorial Youtube:<\/div><\/h2>\n\n\n\n<p><\/p>\n\n\n\n<p class=\" \"><\/p>\n","protected":false},"excerpt":{"rendered":"<p>Busque em todas as bibliotecas da UFPB (acervo f\u00edsico), nas bases de dados e nos [&hellip;]<\/p>\n","protected":false},"author":47,"featured_media":0,"parent":0,"menu_order":0,"comment_status":"closed","ping_status":"closed","template":"","meta":{"footnotes":""},"class_list":["post-18","page","type-page","status-publish","hentry"],"_links":{"self":[{"href":"https:\/\/www.ccen.ufpb.br\/bsccen\/wp-json\/wp\/v2\/pages\/18","targetHints":{"allow":["GET"]}}],"collection":[{"href":"https:\/\/www.ccen.ufpb.br\/bsccen\/wp-json\/wp\/v2\/pages"}],"about":[{"href":"https:\/\/www.ccen.ufpb.br\/bsccen\/wp-json\/wp\/v2\/types\/page"}],"author":[{"embeddable":true,"href":"https:\/\/www.ccen.ufpb.br\/bsccen\/wp-json\/wp\/v2\/users\/47"}],"replies":[{"embeddable":true,"href":"https:\/\/www.ccen.ufpb.br\/bsccen\/wp-json\/wp\/v2\/comments?post=18"}],"version-history":[{"count":2,"href":"https:\/\/www.ccen.ufpb.br\/bsccen\/wp-json\/wp\/v2\/pages\/18\/revisions"}],"predecessor-version":[{"id":235,"href":"https:\/\/www.ccen.ufpb.br\/bsccen\/wp-json\/wp\/v2\/pages\/18\/revisions\/235"}],"wp:attachment":[{"href":"https:\/\/www.ccen.ufpb.br\/bsccen\/wp-json\/wp\/v2\/media?parent=18"}],"curies":[{"name":"wp","href":"https:\/\/api.w.org\/{rel}","templated":true}]}}